he highest common divisor of 35 and s.
35
Let w be (-3)/((-18)/(-8))*(135 + 0). Let t be 2*(-8)/(64/w). Let d = 55 - t. Calculate the highest common factor of 210 and d.
10
Suppose -7597 = -6*z - 6877. Calculate the highest common factor of z and 340.
20
Let s = -106 + 111. Suppose 2*q - 134 - 18 = 3*j, -q = -s*j - 76. Calculate the highest common factor of q and 1216.
76
Let a be -5 + (28 - 5) + -5. Let r be (-13)/(-65) - (-3)/5*a. Calculate the highest common divisor of 5 and r.
1
Let l be (-3)/(-18) - (-2 + 143/(-6)). Let q(s) = -s**3 - 7*s**2 + 3*s + 16. Let j be q(-10). Calculate the highest common divisor of l and j.
26
Suppose -5*v - 16 = -3*q, 2 - 1 = v. Suppose 17*f - 481 = -20*f. Let u = q + f. What is the greatest common divisor of u and 20?
20
Suppose -5*q - 3*k + 12 = 0, 2*q + 2*k - 6*k + 16 = 0. Suppose r + 4*r - 85 = 5*l, -3*r - 4*l + 79 = q. What is the highest common divisor of r and 105?
21
Let n be 66*2/(-4)*-15. What is the greatest common factor of 4125 and n?
165
Let n(m) = -20*m + 25. Let h be n(3). Let k = -22 - h. Calculate the highest common factor of k and 13.
13
Suppose 5*v - 66 = 54. Let b be (1836/272)/((-1 - -3)/96). Calculate the greatest common divisor of b and v.
12
Suppose 10*s - 2217 = 1953. What is the greatest common factor of s and 6?
3
Suppose -550 + 962 = p - 2*c, 0 = -3*p - 4*c + 1316. Calculate the highest common divisor of 6741 and p.
107
Let s be (-1)/2 - ((-22)/4 + -1). Suppose 3*f + 4*h = s*h + 27, -2*f - h + 18 = 0. Calculate the greatest common divisor of 36 and f.
9
Let y be (90/(-40) - 555/(-60))*568. Calculate the highest common factor of 56 and y.
56
Let r(u) = -16*u**3 - u - 1. Let i be r(-1). Let y be 772/965 - 392/(-10). What is the highest common divisor of y and i?
8
Suppose -54*w + 75318 + 82470 = 0. What is the highest common factor of 6 and w?
6
Suppose 15*p - 12714 = 15137 + 39409. What is the greatest common factor of 190 and p?
38
Suppose 3*c = 0, 17*i - 195 = 16*i + 11*c. What is the greatest common factor of i and 2275?
65
Suppose 5*g + v = 696, 19*g - 18*g - v - 132 = 0. Calculate the highest common factor of 9660 and g.
138
Let l be 17 + -3 + -16 + 128. Suppose -4*u - 2*d + 26 + 24 = 0, 5*d + 85 = 5*u. What is the greatest common divisor of u and l?
14
Suppose 53*l = -5*b + 50*l + 990, l = -2*b + 395. Calculate the greatest common divisor of b and 240.
15
Suppose -68*b + 64*b - 328 = -5*x, 5*b = x - 53. What is the highest common divisor of x and 2244?
68
Suppose 0 = q - 2 - 0. Let s be (q/4)/(1298/1296 + -1). Suppose -2*r + 5*r = s. Calculate the highest common factor of 12 and r.
12
Let i(j) = 3*j - 11. Let w be i(6). Suppose w*t = -0*t + 714. Suppose -3*k = 4*f - 391, -f + t = k - 29. What is the highest common factor of 19 and k?
19
Suppose -200*b - 184*b + 18837 = -81*b - 4*b. Let h(o) = 10*o**2 - 3*o. Let a be h(3). What is the highest common factor of b and a?
9
Let b = -1790 + 1226. Let j = -544 - b. What is the greatest common factor of j and 30?
10
Suppose -10 + 14 = -4*w. Let p(u) = -5*u**2 - 8*u**3 - 7 + 4*u**2 + 4 + 2 - 2*u. Let f be p(w). Calculate the greatest common factor of f and 40.
8
Let d = 2469 + -2432. What is the greatest common divisor of 4107 and d?
37
Let j be -1 - (1183/(-26) - (-9)/(-2)). What is the highest common divisor of 20531 and j?
49
Suppose -8*u - u = -6*u - 243. What is the greatest common factor of 423 and u?
9
Suppose 5*t - 5*f = 6948 + 2852, 5*t - 4*f - 9797 = 0. Calculate the greatest common divisor of t and 309.
103
Let w = 10 - 6. Let b(a) = a**3 - 2*a**2 + 6*a - 7. Let t be b(2). Suppose 0 = -t*o + 4*i + 44, -32 + 36 = i. Calculate the highest common divisor of w and o.
4
Let m be (-6)/8 + 52/91 + (-40625)/(-140). What is the highest common divisor of m and 2465?
145
Suppose 553 = -660*k + 667*k. Let l = k - 76. Let v = -9 + 18. Calculate the greatest common factor of l and v.
3
Suppose 2*k + 5*w - 12383 = 6*w, k - 5*w = 6196. What is the highest common divisor of k and 41?
41
Let l(v) = -v**3 + 19*v**2 - 17*v + 23. Let g be l(18). Let p = 537 + -414. What is the highest common factor of g and p?
41
Let x = -254 + 261. Let y(u) = u**2 + 8*u + 8. Let m be y(4). Calculate the highest common divisor of m and x.
7
Suppose 4*d - 4 - 12 = 0. Suppose 4*v - 4*c = -d, -2*c + 4*c = 10. Suppose 3*b - v*b = -45. What is the greatest common divisor of 18 and b?
9
Let m = -718 - -808. Let p(c) = -c**3 - 9*c**2 + 3*c - 25. Let z be p(-10). What is the greatest common factor of m and z?
45
Let x be (3 + -2 + 1)*1. Suppose -3*r + 60 = x*r. Let y = 37641 + -37621. Calculate the highest common factor of y and r.
4
Let k(m) = 3*m**2 - 176*m - 2129. Let o be k(69). Calculate the greatest common factor of o and 7330.
10
Let v = 406 - 707. Let h = v + 598. What is the highest common factor of h and 108?
27
Let v(i) = 137*i**3 - 15*i**2 + 33*i - 2. Let r be v(2). Calculate the highest common factor of 5 and r.
5
Suppose 0*d = -4*d + 1036. Let b(t) = -16*t - 11. Let f be b(-3). What is the greatest common divisor of f and d?
37
Suppose 0*b = -5*b - 740. Let w = -64 - b. Let l(i) = -i**3 + 6*i**2 + 4*i - 15. Let y be l(3). What is the greatest common divisor of y and w?
12
Suppose -298 = -5*o - 148. Suppose 27 = 31*v - o*v. What is the greatest common factor of v and 81?
27
Let z = 10462 - 9111. What is the greatest common factor of 965 and z?
193
Suppose 3*k - 169 = 815. Suppose 0 = -3*y + 221 + k. What is the highest common divisor of y and 3?
3
Let q(t) = -18*t**2 - 384*t - 28. Let v be q(-21). What is the greatest common divisor of v and 147?
49
Suppose 187 = 49*i - 58. Suppose 2*z = -y + 2266, i*y + 42 = z - 1069. Calculate the highest common factor of z and 39.
39
Suppose q - c - 319 = -q, -4*q - c = -653. Suppose -13*w - 75 = 2*w. Let o be 18 + 5 + w/1. Calculate the highest common divisor of o and q.
18
Suppose 4*x - 55 + 39 = 0. Suppose -2*u - 5*c + 110 = 0, x*u - 3*c = -6*c + 206. What is the greatest common divisor of u and 2?
2
Suppose 4*o = -2*l + 6338, 2*o = 5*l - 3*o - 15875. What is the greatest common factor of l and 19?
19
Suppose 0 = -3*u + 6*u - 2*t - 365, u + 2*t - 111 = 0. Let z(i) = i**2 - 25*i + 178. Let k be z(9). Calculate the highest common divisor of k and u.
17
Let i(h) = 47*h**2 + 152*h + 1622. Let c be i(-12). Calculate the greatest common divisor of 402 and c.
134
Let a = 6875 - 6833. Calculate the highest common divisor of a and 474.
6
Let m be (-49)/(-4)*(4686/24 + (-6)/(-8)). What is the highest common divisor of 196 and m?
49
Let b(r) = -r**3 - 10 + 12*r**2 + 2*r + 0*r**3 + 1 - 4*r**2. Let i be b(8). Let g(v) = 3*v + 19. Let f be g(-4). What is the greatest common factor of f and i?
7
Let x = -7065 - -7070. Calculate the greatest common divisor of 260 and x.
5
Let n be (-1)/((-4)/8) + 4. Let z = n - 3. Suppose 4*x = 5*s - 53, -3*s - 2*s - z*x = -74. Calculate the greatest common factor of 117 and s.
13
Suppose -13*i = -11*a - 17*i + 49103, 8945 = 2*a - 5*i. What is the highest common divisor of 94 and a?
47
Let k be 244 - ((-4)/(-5) + (-240)/(-75)). What is the greatest common divisor of k and 150?
30
Let x(v) = v**3 + 63*v**2 - 269*v + 27. Let j be x(-67). Calculate the highest common factor of j and 4841.
47
Let p(f) = -6*f**3 + 18*f**2 + 198*f + 8. Let u be p(-7). Calculate the highest common factor of u and 22.
22
Suppose -4148 = -10*v - 15228. Let j = v + 1668. Suppose z - 5 = 0, 2*b + j = 5*b + z. Calculate the greatest common factor of 37 and b.
37
Let x(l) = l**3 - 94*l**2 + 11*l - 722. Let j be x(95). What is the highest common divisor of j and 12?
12
Let t(k) = k**2 - 21*k + 182. Let o be t(38). What is the greatest common factor of o and 460?
92
Suppose 158 + 269 = 39*j - 587. Calculate the greatest common divisor of 884 and j.
26
Suppose -974*v + 363 = 3*n - 979*v, -2*v + 543 = 5*n. What is the highest common factor of n and 21?
3
Let t(b) = -b**3 - 7*b**2 - 21*b - 172. Let z be t(-8). What is the greatest common divisor of 390 and z?
30
Let i(l) = l**3 - 6*l**2 - 7*l + 24. Let z be i(6). Let p be (-240)/z*(3 + 0). What is the highest common factor of 340 and p?
20
Let j(i) = -596*i - 1762. Let z be j(-3). What is the greatest common divisor of 832 and z?
26
Let n(y) = 47*y - 1491. Let z be n(37). What is